n 146770 is divided by 22.
8
What is the remainder when 1046817 is divided by 107?
36
What is the remainder when 339903094 is divided by 47?
34
Calculate the remainder when 593725448 is divided by 10.
8
What is the remainder when 2325045 is divided by 419?
14
Calculate the remainder when 2857104 is divided by 1202.
1152
What is the remainder when 119759 is divided by 1079?
1069
What is the remainder when 217568 is divided by 36034?
1364
What is the remainder when 30702517 is divided by 1078?
1077
Calculate the remainder when 464816603 is divided by 31.
30
What is the remainder when 1682751 is divided by 125?
1
Calculate the remainder when 9017599 is divided by 429407.
52
Calculate the remainder when 4387782 is divided by 3130.
2652
Calculate the remainder when 821988 is divided by 5748.
24
What is the remainder when 1733456 is divided by 1192?
288
Calculate the remainder when 7718518 is divided by 3859257.
4
Calculate the remainder when 440605 is divided by 3765.
100
What is the remainder when 2768728 is divided by 77?
39
What is the remainder when 4582727 is divided by 6?
5
What is the remainder when 14683050 is divided by 40338?
18
What is the remainder when 179140 is divided by 653?
218
What is the remainder when 3079859 is divided by 5651?
64
Calculate the remainder when 16699 is divided by 5643.
5413
What is the remainder when 299819 is divided by 42819?
86
What is the remainder when 174197 is divided by 351?
101
What is the remainder when 7851489 is divided by 13?
9
Calculate the remainder when 58323 is divided by 14474.
427
Calculate the remainder when 16737127 is divided by 59.
7
What is the remainder when 53409293 is divided by 291854?
11
Calculate the remainder when 6569487 is divided by 1019.
1013
Calculate the remainder when 2204331 is divided by 128.
43
Calculate the remainder when 542944 is divided by 31.
10
What is the remainder when 691235 is divided by 230362?
149
What is the remainder when 2931223 is divided by 2931216?
7
Calculate the remainder when 91834 is divided by 30142.
1408
What is the remainder when 2202056 is divided by 2798?
30
Calculate the remainder when 42352 is divided by 6031.
135
Calculate the remainder when 1112803777 is divided by 190.
187
What is the remainder when 39694147 is divided by 1821?
1810
What is the remainder when 7567 is divided by 180?
7
Calculate the remainder when 790072 is divided by 17.
14
Calculate the remainder when 2899604 is divided by 677.
13
Calculate the remainder when 4098373 is divided by 2049169.
35
What is the remainder when 419905 is divided by 46627?
262
What is the remainder when 92762316 is divided by 70?
66
What is the remainder when 279162 is divided by 27887?
292
What is the remainder when 3229828 is divided by 1009?
19
Calculate the remainder when 40067 is divided by 39726.
341
Calculate the remainder when 821953943 is divided by 68.
67
What is the remainder when 20737 is divided by 62?
29
Calculate the remainder when 13403012 is divided by 382943.
7
What is the remainder when 11286497 is divided by 2821622?
9
Calculate the remainder when 388762 is divided by 2136.
10
Calculate the remainder when 62420 is divided by 449.
9
What is the remainder when 15053971 is divided by 311?
16
What is the remainder when 5821892 is divided by 4?
0
What is the remainder when 9628895 is divided by 802407?
11
What is the remainder when 31943 is divided by 1306?
599
What is the remainder when 6636 is divided by 5599?
1037
What is the remainder when 365116 is divided by 103?
84
What is the remainder when 5769877 is divided by 23647?
9
Calculate the remainder when 20301749 is divided by 8.
5
What is the remainder when 155659 is divided by 5540?
539
What is the remainder when 13192132 is divided by 4397374?
10
Calculate the remainder when 230187 is divided by 1414.
1119
Calculate the remainder when 547873 is divided by 273920.
33
Calculate the remainder when 31210 is divided by 6908.
3578
What is the remainder when 609547 is divided by 203149?
100
What is the remainder when 4758298 is divided by 225?
223
Calculate the remainder when 1106949 is divided by 202.
191
What is the remainder when 689498 is divided by 28715?
338
Calculate the remainder when 542974379 is divided by 415.
414
Calculate the remainder when 135893482 is divided by 1908.
1906
What is the remainder when 17530909 is divided by 32?
29
Calculate the remainder when 722503 is divided by 120417.
1
What is the remainder when 4058799 is divided by 284?
155
Calculate the remainder when 6838106 is divided by 2279365.
11
What is the remainder when 4686028 is divided by 114293?
15
What is the remainder when 699213262 is divided by 136?
134
What is the remainder when 41277203 is divided by 1090?
1083
Calculate the remainder when 354614 is divided by 1332.
302
Calculate the remainder when 565956 is divided by 3605.
3576
Calculate the remainder when 100963 is divided by 20185.
38
What is the remainder when 2186272 is divided by 60?
52
Calculate the remainder when 3579 is divided by 2717.
862
What is the remainder when 266393 is divided by 1522?
43
Calculate the remainder when 150808 is divided by 2262.
1516
What is the remainder when 1032375 is divided by 516121?
133
Calculate the remainder when 2883758 is divided by 7138.
6
What is the remainder when 6451103 is divided by 2046?
65
What is the remainder when 95891 is divided by 45727?
4437
What is the remainder when 1165093 is divided by 341?
237
Calculate the remainder when 91020 is divided by 5683.
92
Calculate the remainder when 2260806 is divided by 100.
6
Calculate the remainder when 1162695 is divided by 25269.
321
What is the remainder when 20008 is divided by 700?
408
What is the remainder when 2492597 is divided by 220?
217
What is the remainder when 30327127 is divided by 369843?
1
Calculate the remainder when 530633 is divided by 120.
113
What is the remainder when 35064688 is divided by 742?
736
What is the remainder when 5470077 is divided by 3115?
137
Calculate the remainder when 22016 is divided by 5354.
600
Calculate the remainder when 224114276 is divided by 514.
510
What is the remainder when 25998843 is divided by 12999310?
223
Calculate the remainder when 20236135 is divided by 67453.
235
What is the remainder when 2703449 is divided by 1164?
641
Calculate the remainder when 904983 is divided by 304.
279
What is the remainder when 182158613 is divided by 775143?
8
Calculate the remainder when 1770430 is divided by 1132.
1114
Calculate the remainder when 10862307 is divided by 1902.
1887
What is the remainder when 700550 is divided by 12076?
142
Calculate the remainder when 10376873 is divided by 625.
623
What is the remainder when 1926526 is divided by 57?
40
Calculate the remainder when 12023247 is divided by 700.
47
Calculate the remainder when 119798 is divided by 321.
65
Calculate the remainder when 31450 is divided by 30963.
487
What is the remainder when 12426259 is divided by 4045?
19
What is the remainder when 368472 is divided by 368422?
50
What is the remainder when 71755 is divided by 100?
55
What is the remainder when 9625748 is divided by 45?
23
Calculate the remainder when 61283 is divided by 393.
368
Calculate the remainder when 105550374 is divided by 599.
584
Calculate the remainder when 3787762 is divided by 576.
562
What is the remainder when 110625 is divided by 3163?
3083
Calculate the remainder when 44241575 is divided by 8041.
8034
What is the remainder when 1158072 is divided by 4513?
2744
Calculate the remainder when 724435 is divided by 26.
23
What is the remainder when 1705240 is divided by 764?
756
What is the remainder when 276098600 is divided by 25624?
0
Calculate the remainder when 6259250 is divided by 70.
60
Calculate the remainder when 1804815 is divided by 19200.
15
Calculate the remainder when 2597433 is divided by 32.
25
Calculate the remainder when 40286079 is divided by 7675.
4
What is the remainder when 1035150147 is divided by 345050042?
21
What is the remainder when 71238523 is divided by 61?
39
Calculate the remainder when 1025147929 is divided by 211.
209
Calculate the remainder when 2142221 is divided by 714059.
44
Calculate the remainder when 270697958 is divided by 1016.
1014
What is the remainder when 1042843 is divi